e tens digit of 1603?
0
What is the hundreds digit of 1626?
6
What is the hundreds digit of 759?
7
What is the units digit of 50749?
9
What is the tens digit of 3225?
2
What is the thousands digit of 5435?
5
What is the ten thousands digit of 40947?
4
What is the hundreds digit of 512?
5
What is the hundreds digit of 1070?
0
What is the ten thousands digit of 126672?
2
What is the units digit of 44?
4
What is the units digit of 10696?
6
What is the units digit of 233?
3
What is the thousands digit of 20136?
0
What is the ten thousands digit of 29773?
2
What is the thousands digit of 6973?
6
What is the tens digit of 5741?
4
What is the units digit of 1580?
0
What is the tens digit of 13661?
6
What is the hundreds digit of 2703?
7
What is the units digit of 4375?
5
What is the units digit of 14970?
0
What is the units digit of 966?
6
What is the thousands digit of 20366?
0
What is the hundreds digit of 4360?
3
What is the thousands digit of 41564?
1
What is the hundreds digit of 1227?
2
What is the thousands digit of 33529?
3
What is the hundreds digit of 231?
2
What is the units digit of 1823?
3
What is the ten thousands digit of 21156?
2
What is the thousands digit of 2257?
2
What is the thousands digit of 71267?
1
What is the hundreds digit of 2843?
8
What is the hundred thousands digit of 113244?
1
What is the hundreds digit of 2524?
5
What is the tens digit of 215?
1
What is the units digit of 1602?
2
What is the hundreds digit of 1119?
1
What is the ten thousands digit of 23164?
2
What is the hundreds digit of 491?
4
What is the thousands digit of 183348?
3
What is the tens digit of 30757?
5
What is the units digit of 36687?
7
What is the thousands digit of 1021?
1
What is the tens digit of 803?
0
What is the ten thousands digit of 29759?
2
What is the hundreds digit of 1027?
0
What is the units digit of 844?
4
What is the hundreds digit of 110?
1
What is the thousands digit of 1370?
1
What is the tens digit of 44528?
2
What is the hundreds digit of 10005?
0
What is the tens digit of 39812?
1
What is the tens digit of 7678?
7
What is the units digit of 13169?
9
What is the hundreds digit of 3294?
2
What is the hundreds digit of 2940?
9
What is the units digit of 1299?
9
What is the thousands digit of 3495?
3
What is the tens digit of 176?
7
What is the tens digit of 69639?
3
What is the units digit of 4715?
5
What is the tens digit of 51?
5
What is the tens digit of 5437?
3
What is the units digit of 2577?
7
What is the thousands digit of 1836?
1
What is the tens digit of 5983?
8
What is the thousands digit of 3115?
3
What is the tens digit of 3222?
2
What is the units digit of 619?
9
What is the hundreds digit of 3104?
1
What is the units digit of 73078?
8
What is the hundreds digit of 5007?
0
What is the thousands digit of 3326?
3
What is the hundreds digit of 1811?
8
What is the hundreds digit of 3172?
1
What is the tens digit of 2172?
7
What is the tens digit of 13423?
2
What is the hundreds digit of 123532?
5
What is the units digit of 7504?
4
What is the thousands digit of 18075?
8
What is the tens digit of 1567?
6
What is the tens digit of 9662?
6
What is the tens digit of 22478?
7
What is the hundreds digit of 2258?
2
What is the tens digit of 2218?
1
What is the tens digit of 2970?
7
What is the thousands digit of 3131?
3
What is the units digit of 11454?
4
What is the units digit of 1314?
4
What is the units digit of 354?
4
What is the tens digit of 8084?
8
What is the hundreds digit of 31364?
3
What is the tens digit of 4419?
1
What is the thousands digit of 17985?
7
What is the hundreds digit of 39920?
9
What is the thousands digit of 2807?
2
What is the hundreds digit of 3576?
5
What is the units digit of 2639?
9
What is the tens digit of 1407?
0
What is the tens digit of 26997?
9
What is the units digit of 1949?
9
What is the units digit of 33054?
4
What is the hundreds digit of 30543?
5
What is the thousands digit of 1164?
1
What is the hundreds digit of 3577?
5
What is the hundreds digit of 25865?
8
What is the units digit of 60397?
7
What is the units digit of 5382?
2
What is the units digit of 1762?
2
What is the units digit of 1322?
2
What is the tens digit of 21551?
5
What is the hundreds digit of 21664?
6
What is the hundreds digit of 1179?
1
What is the units digit of 12049?
9
What is the hundreds digit of 9930?
9
What is the ten thousands digit of 13457?
1
What is the thousands digit of 1170?
1
What is the units digit of 997?
7
What is the hundreds digit of 4683?
6
What is the units digit of 4910?
0
What is the thousands digit of 129800?
9
What is the tens digit of 1242?
4
What is the thousands digit of 170519?
0
What is the ten thousands digit of 19023?
1
What is the units digit of 3598?
8
What is the hundreds digit of 1994?
9
What is the units digit of 3388?
8
What is the units digit of 8139?
9
What is the ten thousands digit of 34991?
3
What is the thousands digit of 13863?
3
What is the units digit of 45906?
6
What is the units digit of 18847?
7
What is the ten thousands digit of 15343?
1
What is the units digit of 75364?
4
What is the hundreds digit of 18012?
0
What is the hundreds digit of 5589?
5
What is the hundreds digit of 1192?
1
What is the thousands digit of 5532?
5
What is the ten thousands digit of 10480?
1
What is the hundreds digit of 8777?
7
What is the hundreds digit of 15676?
6
What is the hundreds digit of 2069?
0
What is the tens digit of 32560?
6
What is the ten thousands digit of 40498?
4
What is the hundreds digit of 5912?
9
What is the units digit of 6050?
0
What is the hundreds digit of 180557?
5
What is the thousands digit of 7136?
7
What is the ten thousands digit of 20300?
2
What is the units digit of 5299?
9
What is the tens digit of 78?
7
What is the tens digit of 12171?
7
What is the hundreds digit of 3439?
4
What is the hundreds digit of 1431?
4
What is the hundreds digit of 658?
6
What is the thousands digit of 1015?
1
What is the tens digit of 1474?
7
What is the units digit of 8185?
5
What is the hundreds digit of 7063?
0
What is the hundreds digit of 3469?
4
What is the thousands digit of 2938?
2
What is the tens digit of 170?
7
What is the hundreds digit of 2592?
5
What is the thousands digit of 9402?
9
What is the tens digit of 34126?
2
What is the hundreds digit of 792?
7
What is the thousands digit of 21854?
1
What is the hundreds digit of 28796?
7
What is the units digit of 1866?
6
What is the units digit of 30276?
6
What is the units digit of 24450?
0
What is the units digit of 76067?
7
What is the tens digit of 11?
1
What is the thousands digit of 152664?
2
What is the ten thousands digit of 30493?
3
What is the hundreds digit of 77880?
8
What is the hundreds digit of 2826?
8
What is the hundreds digit of 106224?
2
What is the units digit of 41026?
6
What is the tens digit of 62501?
0
What is the thousands digit of 1109?
1
What is the thousands digit of 37640?
7
What is the hundreds digit of 22423?
4
What is the units digit of 2534?
4
What is the hundreds digit of 1674?
6
What is the hundreds digit of 436?
4
What is the units digit of 27302?
2
What is the hundreds digit of 245?
2
What is the tens digit of 605?
0
What is the units digit of 527?
7
What is the tens digit of 1739?
3
What is the thousands digit of 2475?
2
What is the ten thousands digit of 14379?
1
What is the tens digit of 2713?
1
What is the tens digit of 17411?
1
What is the hundreds digit of 467?
4
What is the thousands digit of 3467?
3
What is the hundreds digit of 87316?
3
What is the units digit of 10198?
8
What is the tens digit of 7981?
8
What is the tens digit of 3394?
9
What is the tens digit of 121066?
6
What is the units digit of 1952?
2
What is the tens digit of 1327?
2
What is the thousands digit of 9408?
9
What is the units digit of 108652?
2
What is the tens digit of 1617?
1
What is the tens digit of 7273?
7
What is the hundreds digit of 1866?
8
What is the tens digit of 534?
3
What is the tens digit of 204?
0
What is the units digit of 2761?
1
What is the units digit of 199?
9
What is the tens digit of 751?
5
What is the units digit of 5376?
6
What is the thousands digit of 2422?
2
What is the hundreds digit of 13972?
9
What is the thousands digit of 62540?
2
What is the units digit of 1